86)/((-1)/2). What is the units digit of l*(0 - f/(-6))?
4
Suppose 0 = -58*d + 65*d. Suppose d = q - 2*c - 62, -114 = -2*q - 3*c + 2*c. What is the units digit of q?
8
Let c be (14 + -1)*(16 + 1). Let w = 327 - c. What is the tens digit of w?
0
Let y = -15060 - -22719. What is the thousands digit of y?
7
Suppose -237949 = -4*w - 3*q, -23*w + 237959 = -19*w + q. What is the hundreds digit of w?
4
Suppose 0*l = -4*l - 8. Let x be l*4*(-1 + (-9)/(-6)). What is the units digit of 2 + (-6 - x) - -4?
4
Suppose 4*m - 25564 = -5*u, 34*m - 37*m + 19154 = -u. What is the units digit of m?
6
Let f = 227 - 225. Suppose -4*j + 1326 = -2*l, -j = -f*l - 221 - 118. What is the hundreds digit of j?
3
Let x = 1568 + 280. What is the hundreds digit of x?
8
Let w(j) = 16*j**3 - j**2 + 6*j - 6. Let v be w(1). Let p(s) = 13*s + 171. What is the tens digit of p(v)?
6
Let n = 1428 - 14. Suppose -3*l = -2*d + 937, -3*l + n = 4*d - 415. What is the hundreds digit of d?
4
Suppose -2*f - n + 0*n + 91424 = 0, -f - 5*n = -45739. What is the thousands digit of f?
5
Suppose 31*j = 16*j - 180. Let f(p) = -23*p - 2. Let w be f(4). Let q = j - w. What is the units digit of q?
2
Suppose 5*p - 841 = 2*w + 347, -957 = -4*p - 5*w. Let v = 814 - p. What is the hundreds digit of v?
5
Suppose -68*l + 41*l + 224703 + 261324 = 0. What is the thousands digit of l?
8
Suppose 0 = z + h - 7, -11*h + 6 = -2*z - 9*h. Suppose 2*p = -2*i + 226, 111 = i + p + z*p. What is the hundreds digit of i?
1
What is the thousands digit of 2/5 - 3264833/(-1105)?
2
What is the units digit of (-15399)/(-15) + 12 + (-290)/25?
7
Let b = -4215 - -9217. What is the tens digit of b?
0
Suppose -4*d + 112527 - 22782 = -d. What is the tens digit of d?
1
Let c(l) = -l**3 + 4*l**2 + 30*l + 1. Let b = 97 + -102. What is the tens digit of c(b)?
7
Let k(m) = 14*m**2 - 132*m + 63. What is the thousands digit of k(15)?
1
Let d = 8026 + -7596. Let g(k) = -k + 9. Let r be g(5). Suppose -r*i = -5*o + 448, o - d = -4*o - 5*i. What is the tens digit of o?
8
Let s = -15981 + 21243. What is the hundreds digit of s?
2
What is the tens digit of -3 - (-76689)/7 - (4/7 + -1)?
5
Suppose -4*q + 2*q = -5*u + 17, 5*u + q - 29 = 0. Suppose 4*a + 120 = -3*t - 486, 4*a + u*t + 602 = 0. What is the tens digit of (-4)/(-8) + a/(-6)?
2
Let p(s) = -31*s**2 + 2*s - 1. Let v be p(1). Let t = v - -33. Suppose -4*j + 2*n = -76, t*n + 51 = 2*j + j. What is the tens digit of j?
2
Let i(m) = 7*m - 691*m**3 - 3*m + 5*m - 8*m**2 + 16 + 689*m**3. What is the units digit of i(-7)?
7
Let b be ((-36)/8)/((-2)/4). Suppose b = -i + 31. Let c = i - -52. What is the tens digit of c?
7
Let n(i) = i**2 + 4*i - 21. Let c be n(-8). Let g(w) = 3*w**2 + 19*w - 42. What is the hundreds digit of g(c)?
5
Let r be (-6)/(-15) + (-46)/(-10). Suppose 3*y + 4*l - 1104 = -2*y, -5*l - 1095 = -r*y. Suppose -2*q + y = 2*q. What is the tens digit of q?
5
Suppose 7*x - 2*x = -4*i + 6976, 4*x - 5572 = -i. Suppose -5*w + x = -4*s, 9*w - 13*w - s = -1101. What is the hundreds digit of w?
2
Let r be (12/9)/(12/27). Let h be r + -3 + 1 + 4. Suppose -4*x = 2*j - 0*x - 100, -2*x = -h*j + 214. What is the units digit of j?
4
Suppose -h + 1247 = -5*y, -2586 = -4*h + 3*y + 2368. Let j = 1745 - h. What is the tens digit of j?
0
Let y be 0*(1 + -6 + 22/4). Suppose y = 18*v - 11*v - 1022. What is the hundreds digit of v?
1
What is the tens digit of (72732/8)/(7/(-56)*-3)?
4
Let w(l) = -7*l + 70. Let m be w(10). Suppose -n + 4*n = m, 2756 = 4*f - 2*n. What is the tens digit of f?
8
Suppose 6461 - 17317 = -3*u + 6700. What is the tens digit of u?
5
Let v = 39 + -39. Suppose 3*x + v*t - 945 = -3*t, 4*x + 3*t - 1257 = 0. What is the hundreds digit of x?
3
Suppose -6*g - 3557 = 2779. Let m = 1512 + g. What is the tens digit of m?
5
Suppose -8*w + 9*w - 38 = 0. Suppose 23*i - w*i = -390. What is the tens digit of i?
2
Let w = 53898 + -20457. What is the units digit of w?
1
Let a(j) = 623*j**2 - 1379*j - 15. What is the ten thousands digit of a(8)?
2
Let u(c) = c**3 - 82*c**2 + 160*c + 344. What is the thousands digit of u(85)?
5
Let a(u) = 3*u - 42. Suppose 4*i - 239 - 161 = 0. Suppose 13*w = 8*w + i. What is the tens digit of a(w)?
1
Suppose 5*k + 5*x - 39 + 104 = 0, -26 = 2*k - 5*x. Let n = -15 - k. What is the tens digit of (-2)/9 + n/((-72)/3716)?
0
Let h(z) = z**2 + 5*z + 9. Let n be h(-10). Let x = n + -71. Let o = 25 + x. What is the units digit of o?
3
Suppose -g = -1, -5*v + 19*g - 17*g = 2. Suppose v = -12*w - 5250 + 15954. What is the tens digit of w?
9
Let f be 368/115 - (-2)/(-10). What is the units digit of -1 - (-12 + f)*191/3?
2
Suppose -4*t - t = -5*u + 25, u = 3*t + 7. Suppose 0 = u*w, -1323 = -5*p + 2*p + 4*w. What is the units digit of p?
1
Let g(f) = 3*f**3 - 8*f**2 - 5*f + 4. Let u be g(3). Let i be (-12)/(-4) + -334 + (u - 2). Let t = 529 + i. What is the tens digit of t?
9
Suppose -l = 2*z - 13, 5*z - 6 = 2*l + 4. Suppose j = 4*v + v - 1480, 0 = -v - z*j + 296. What is the tens digit of v?
9
Suppose 0 = -7*o + 12*o + 20. Let i be ((-3 - o) + -3)*-35. What is the tens digit of 6 + -3 + -2 + i?
7
Let v(i) = -16*i**3 + 11*i**2 + 34*i + 199. What is the hundreds digit of v(-12)?
0
Let v = -64566 - -91580. What is the thousands digit of v?
7
Suppose 2*p - 2 = 6. Let o be 13/((60/16)/15). Suppose 3*d + d - o = -4*h, p = -h. What is the tens digit of d?
1
Suppose 0 = 4*u + 5*h - 78498, 26914 = 3*u - h - 31950. What is the tens digit of u?
2
Let t(r) = 142*r - 61. Let m be t(4). Let l = m - -187. What is the tens digit of l?
9
Suppose 0 = -4*d - w + 6*w + 42, -3*d + 5*w = -34. Let n(b) = -b + d*b + 40 - b - 5*b. What is the tens digit of n(-12)?
2
Let s(m) = m**3 + 8*m**2 - 4*m - 26. Let x be s(-8). Let y(a) = 14*a**2 - 7*a - 18. What is the units digit of y(x)?
4
Let l(s) = 4*s**2 + 28*s + 5. Let i be l(-7). Suppose -a + 66 = -5*r - 162, 0 = -a - i*r + 178. What is the hundreds digit of a?
2
Suppose 35*o - 37*o = 0. Suppose o = -8*a + 26*a - 4230. What is the hundreds digit of a?
2
Suppose -2*q + 4*k = 0, 0 = -5*k + 2 + 3. Let i = 329 + 7. Suppose i = -q*h + 6*h. What is the units digit of h?
4
Let f = 384 + 347. What is the units digit of f?
1
Let f = -35106 - -51741. What is the thousands digit of f?
6
Let b be (4 - (-4 + 11)) + 7. Suppose -w + 5*r = -20, b*r = -11 + 3. What is the tens digit of ((-52)/w)/((-50)/125)?
1
Let x(k) = -2045*k - 2130. What is the ten thousands digit of x(-11)?
2
Let i(q) = -61*q - 21. Let x(u) = -7*u**2 + 5*u - 5. Let h be x(4). Let y = -99 - h. What is the units digit of i(y)?
1
Let m = -160 + 210. Suppose -5*d = -54*u + m*u + 3124, 0 = 4*d. What is the tens digit of u?
8
Suppose 2*g - 115 = -x, -5*g + 0*g + 310 = -2*x. What is the tens digit of -44*(8/60 - 68/g)?
4
Let v = 34501 + -24009. What is the hundreds digit of v?
4
Let p(n) = 22*n**2 - 48*n + 1598. What is the hundreds digit of p(24)?
1
Suppose -7*g - 5*j = -56687, g + 2*j = -3*j + 8081. What is the thousands digit of g?
8
Let c be 12 + (-187736)/(-104) - (-2)/(-13). Suppose 4*w - 2708 = -3*m, 2*m = 2*w - 21 + c. What is the units digit of m?
0
Let c = 112 + 253. Suppose 8*t - c = 1811. What is the units digit of t?
2
Suppose -6*k = 749 - 893. What is the units digit of ((-1436)/(-16))/(2/k)?
7
Suppose 5 = -2*g + 9. Let u be g/(-4)*(-14 + 12). Suppose -o + u = 3, 5*b + 5*o = 295. What is the units digit of b?
1
Let s(a) = 33*a + 3. Suppose -24 = -32*m + 30*m. Let i be s(m). What is the units digit of 9/(-6) + i/14?
7
Suppose 3*y + 3*k = 2259, 19*y = 15*y - k + 3021. What is the units digit of y?
6
Suppose -533188 = -51*c + 530563 + 393217. What is the hundreds digit of c?
5
Let v = -288 + 294. What is the hundreds digit of 8/12 - (-3896)/v?
6
Suppose 6*p - 53718 = -10*p + 29562. What is the thousands digit of p?
5
Let q = 2573 - 1416. What is the units digit of q?
7
What is the units digit of 1*-2 + 2 + (-7)/((-210)/214800)?
0
Let m(j) = -186*j + 3. Let r(w) be the second derivative of -w**4/12 + 3*w**3/2 - 21*w**2/2 - 29*w. Let o be r(5). What is the units digit of m(o)?
9
Suppose 3*a + 4*m - 31623 = 0, m - 10189 - 10898 = -2*a. What is the tens digit of (4*(-32)/10)/((-222)/a)?
0
Let p(y) = 2*y**2 - 43*y + 18. Let h be p(18). What is the tens digit of (h/((-4)/1) - 0) + 0?
2
Let p be 8